alculate the remainder when 107 is divided by 20.
7
What is the remainder when 1294 is divided by 118?
114
Calculate the remainder when 2051 is divided by 407.
16
Calculate the remainder when 1571 is divided by 32.
3
What is the remainder when 774 is divided by 129?
0
What is the remainder when 1525 is divided by 503?
16
Calculate the remainder when 141 is divided by 17.
5
Calculate the remainder when 291 is divided by 31.
12
What is the remainder when 730 is divided by 38?
8
Calculate the remainder when 310 is divided by 45.
40
What is the remainder when 745 is divided by 152?
137
What is the remainder when 9390 is divided by 11?
7
Calculate the remainder when 2068 is divided by 55.
33
What is the remainder when 356 is divided by 18?
14
Calculate the remainder when 234 is divided by 59.
57
What is the remainder when 197 is divided by 27?
8
Calculate the remainder when 55 is divided by 8.
7
What is the remainder when 121 is divided by 42?
37
Calculate the remainder when 95 is divided by 11.
7
Calculate the remainder when 550 is divided by 23.
21
Calculate the remainder when 244 is divided by 68.
40
What is the remainder when 202 is divided by 70?
62
What is the remainder when 179 is divided by 39?
23
What is the remainder when 41 is divided by 20?
1
Calculate the remainder when 2417 is divided by 304.
289
What is the remainder when 642 is divided by 46?
44
Calculate the remainder when 147 is divided by 53.
41
What is the remainder when 1115 is divided by 290?
245
What is the remainder when 5705 is divided by 6?
5
What is the remainder when 195 is divided by 52?
39
Calculate the remainder when 2832 is divided by 13.
11
What is the remainder when 594 is divided by 150?
144
Calculate the remainder when 1967 is divided by 48.
47
Calculate the remainder when 955 is divided by 324.
307
Calculate the remainder when 261 is divided by 11.
8
What is the remainder when 270 is divided by 69?
63
Calculate the remainder when 123 is divided by 22.
13
What is the remainder when 2962 is divided by 78?
76
Calculate the remainder when 38279 is divided by 132.
131
What is the remainder when 384 is divided by 96?
0
Calculate the remainder when 2053 is divided by 17.
13
What is the remainder when 1075 is divided by 424?
227
What is the remainder when 639 is divided by 52?
15
What is the remainder when 14 is divided by 4?
2
Calculate the remainder when 6488 is divided by 59.
57
Calculate the remainder when 417 is divided by 14.
11
Calculate the remainder when 2117 is divided by 214.
191
What is the remainder when 491 is divided by 45?
41
Calculate the remainder when 51 is divided by 28.
23
Calculate the remainder when 233 is divided by 227.
6
Calculate the remainder when 871 is divided by 9.
7
What is the remainder when 935 is divided by 18?
17
What is the remainder when 8349 is divided by 48?
45
What is the remainder when 1583 is divided by 24?
23
Calculate the remainder when 47 is divided by 10.
7
What is the remainder when 269 is divided by 35?
24
What is the remainder when 491 is divided by 45?
41
Calculate the remainder when 74 is divided by 29.
16
What is the remainder when 1148 is divided by 46?
44
Calculate the remainder when 12 is divided by 3.
0
Calculate the remainder when 232 is divided by 59.
55
Calculate the remainder when 2884 is divided by 78.
76
Calculate the remainder when 141 is divided by 17.
5
What is the remainder when 1950 is divided by 93?
90
What is the remainder when 571 is divided by 98?
81
Calculate the remainder when 19331 is divided by 108.
107
Calculate the remainder when 781 is divided by 56.
53
What is the remainder when 22173 is divided by 224?
221
What is the remainder when 190 is divided by 11?
3
What is the remainder when 1283 is divided by 107?
106
What is the remainder when 78 is divided by 9?
6
What is the remainder when 133 is divided by 27?
25
Calculate the remainder when 1061 is divided by 227.
153
Calculate the remainder when 241 is divided by 6.
1
Calculate the remainder when 8115 is divided by 82.
79
Calculate the remainder when 1053 is divided by 269.
246
Calculate the remainder when 55 is divided by 20.
15
Calculate the remainder when 7078 is divided by 34.
6
Calculate the remainder when 1065 is divided by 120.
105
What is the remainder when 440 is divided by 64?
56
Calculate the remainder when 1152 is divided by 236.
208
What is the remainder when 102 is divided by 24?
6
Calculate the remainder when 5847 is divided by 39.
36
What is the remainder when 184 is divided by 87?
10
What is the remainder when 13 is divided by 7?
6
Calculate the remainder when 111 is divided by 54.
3
Calculate the remainder when 586 is divided by 49.
47
What is the remainder when 363 is divided by 73?
71
Calculate the remainder when 226 is divided by 34.
22
Calculate the remainder when 1558 is divided by 92.
86
What is the remainder when 1240 is divided by 316?
292
What is the remainder when 711 is divided by 179?
174
Calculate the remainder when 124 is divided by 41.
1
Calculate the remainder when 55 is divided by 21.
13
What is the remainder when 464 is divided by 15?
14
Calculate the remainder when 296 is divided by 28.
16
Calculate the remainder when 279 is divided by 22.
15
Calculate the remainder when 496 is divided by 31.
0
What is the remainder when 2089 is divided by 110?
109
Calculate the remainder when 813 is divided by 11.
10
Calculate the remainder when 898 is divided by 12.
10
Calculate the remainder when 869 is divided by 58.
57
What is the remainder when 22 is divided by 7?
1
Calculate the remainder when 161 is divided by 75.
11
Calculate the remainder when 1325 is divided by 646.
33
What is the remainder when 1776 is divided by 14?
12
Calculate the remainder when 22657 is divided by 110.
107
Calculate the remainder when 65 is divided by 44.
21
What is the remainder when 217 is divided by 73?
71
Calculate the remainder when 36 is divided by 32.
4
What is the remainder when 223 is divided by 81?
61
What is the remainder when 571 is divided by 115?
111
Calculate the remainder when 578 is divided by 83.
80
Calculate the remainder when 395 is divided by 21.
17
What is the remainder when 250 is divided by 23?
20
What is the remainder when 375 is divided by 29?
27
What is the remainder when 1097 is divided by 22?
19
Calculate the remainder when 389 is divided by 14.
11
What is the remainder when 229 is divided by 62?
43
What is the remainder when 7102 is divided by 245?
242
What is the remainder when 49 is divided by 26?
23
What is the remainder when 35 is divided by 4?
3
What is the remainder when 1146 is divided by 30?
6
Calculate the remainder when 3364 is divided by 2.
0
What is the remainder when 68 is divided by 42?
26
What is the remainder when 347 is divided by 29?
28
Calculate the remainder when 11952 is divided by 278.
276
What is the remainder when 125 is divided by 45?
35
Calculate the remainder when 231 is divided by 74.
9
Calculate the remainder when 325 is divided by 219.
106
What is the remainder when 542 is divided by 80?
62
Calculate the remainder when 745 is divided by 323.
99
What is the remainder when 139 is divided by 43?
10
Calculate the remainder when 779 is divided by 28.
23
What is the remainder when 167 is divided by 13?
11
What is the remainder when 262 is divided by 10?
2
Calculate the remainder when 1119 is divided by 196.
139
What is the remainder when 153 is divided by 135?
18
Calculate the remainder when 224 is divided by 12.
8
Calculate the remainder when 2074 is divided by 687.
13
What is the remainder when 1833 is divided by 34?
31
Calculate the remainder when 166 is divided by 8.
6
What is the remainder when 246 is divided by 9?
3
What is the remainder when 894 is divided by 13?
10
Calculate the remainder when 132 is divided by 80.
52
What is the remainder when 88 is divided by 20?
8
Calculate the remainder when 1143 is divided by 569.
5
Calculate the remainder when 113 is divided by 12.
5
What is the remainder when 80 is divided by 1?
0
What is the remainder when 1652 is divided by 23?
19
What is the remainder when 868 is divided by 46?
40
What is the remainder when 466 is divided by 311?
155
What is the remainder when 15161 is divided by 59?
57
Calculate the remainder when 13193 is divided